*s**2 - 196625*s - 28. What is q(-65)?
-28
Let s(t) = 185*t**2 - 2408*t - 53. Determine s(13).
-92
Let s(w) = -822*w - 3690. Determine s(-4).
-402
Let n(v) = -152*v + 1324. Give n(6).
412
Let w(r) = -4*r**2 - 1097*r + 3805. What is w(-278)?
-365
Let d(n) = n**3 + 59*n**2 + 774*n - 2956. What is d(-30)?
-76
Let o(j) = 9*j**2 - 51*j - 104. Calculate o(-2).
34
Let g(r) = -4*r**3 + 5*r**2 + 572*r - 2815. Give g(5).
-330
Let m(s) = -31*s**2 + 1527*s - 17815. Determine m(19).
7
Let i(k) = -3*k**3 + 54*k**2 - 424*k + 1373. Determine i(6).
125
Let t(v) = -v**3 + 281*v**2 - 5674*v - 6260. Give t(259).
-44
Let i(s) = s**2 + 2036*s + 99371. Give i(-50).
71
Let n(m) = -217*m**2 - 65*m + 72. Calculate n(1).
-210
Let w(r) = -262383*r - 3148628. Calculate w(-12).
-32
Let d(t) = -1725*t + 42708. What is d(23)?
3033
Let o(r) = 170*r**3 + r**2 + 12*r - 19. Give o(1).
164
Let v(s) = 2*s**2 + 1267*s - 127067. Determine v(88).
-83
Let l(u) = u**2 - 1032245*u + 7225658. Calculate l(7).
-8
Let g(s) = -638*s + 63856. Give g(100).
56
Let g(o) = 4*o**2 - 13485*o - 1374224. Give g(-99).
-5
Let w(o) = -o**3 - 149*o**2 + 4349*o - 4726. Determine w(24).
2
Let k(g) = 165*g + 3097. Determine k(-20).
-203
Let i(l) = l + 432. Calculate i(15).
447
Let q(s) = 2*s**2 - 397*s + 9311. What is q(171)?
-94
Let v(t) = -4229*t - 279121. What is v(-66)?
-7
Let g(a) = 2*a**3 + 14*a**2 - 29*a - 170. Calculate g(-7).
33
Let o(b) = -10*b**2 - 1822*b + 93. Calculate o(-182).
457
Let s(n) = -13663*n - 7405353. Calculate s(-542).
-7
Let p(g) = 5*g**2 - 272*g - 616. What is p(57)?
125
Let f(n) = -n**3 - 418*n**2 + 4847*n + 242675. Determine f(-428).
-1
Let v(t) = 7*t**3 + 196*t**2 + 17*t + 403. Determine v(-28).
-73
Let l(d) = 22*d**2 - 130*d + 6. Calculate l(0).
6
Let n(y) = 37*y**2 - 10*y - 63. Determine n(-3).
300
Let w(r) = r**2 - 5359*r + 2209058. Calculate w(450).
8
Let n(i) = -453*i**2 + 32618*i + 119. Give n(72).
263
Let j(v) = 763*v - 10440. Determine j(13).
-521
Let a(w) = 4*w**3 - 1155*w**2 - 82*w - 59805. What is a(289)?
18
Let h(p) = -2*p**3 + 359*p**2 - 2753*p + 130. Calculate h(8).
58
Let o(q) = 2332*q - 53944. Determine o(23).
-308
Let p(n) = -419955*n + 1259861. Give p(3).
-4
Let s(b) = 1447*b + 198240. What is s(-137)?
1
Let l(a) = -5*a**2 + 10007*a + 79872. Determine l(-8).
-504
Let k(w) = -w**3 - 105*w**2 + 1684*w - 101996. Give k(-125).
4
Let w(u) = -3103*u + 68341. Determine w(22).
75
Let l(g) = g**2 - 18*g - 10775. What is l(120)?
1465
Let s(y) = -2704235*y - 2704232. Determine s(-1).
3
Let h(d) = -2*d**2 + 33825*d + 643399. What is h(-19)?
2
Let q(x) = -449*x**3 + 2619*x**2 + 447*x + 21. Calculate q(6).
3
Let j(w) = 9317*w + 74574. Give j(-8).
38
Let m(w) = 250*w**2 - 638*w + 277. What is m(2)?
1
Let h(p) = -31*p**2 - 299*p + 16. Give h(-11).
-446
Let q(x) = 32*x - 1166. Determine q(119).
2642
Let r(t) = 7*t**2 + 516*t - 486. Calculate r(-72).
-1350
Let c(s) = -s**3 - 16*s**2 + 173*s + 55. Give c(-23).
-221
Let g(y) = 281*y + 19151. What is g(-61)?
2010
Let d(a) = -278*a**3 - 7*a**2 - 42*a - 37. Give d(-1).
276
Let c(s) = s**3 + 91*s**2 - 299*s - 1176. Calculate c(-94).
422
Let y(i) = -i**3 + 61*i**2 - 583*i - 522. Calculate y(13).
11
Let i(t) = 143*t + 21365. Calculate i(-139).
1488
Let a(b) = 497*b + 7566. Calculate a(-15).
111
Let m(n) = -214*n**2 - 174*n - 6. What is m(-2)?
-514
Let y(s) = 4071*s - 108802. Calculate y(26).
-2956
Let a(f) = -460*f - 20616. Calculate a(-49).
1924
Let s(r) = -15514*r + 93068. Calculate s(6).
-16
Let w(v) = 111*v**2 + 618*v + 283. Determine w(-5).
-32
Let n(o) = -100*o**2 + 14406*o - 831. Determine n(144).
33
Let o(s) = 181066*s - 4164515. What is o(23)?
3
Let i(g) = 6*g**2 - 473*g + 231. Determine i(78).
-159
Let h(a) = -14346*a + 186496. Determine h(13).
-2
Let o(l) = -l**3 - 718*l**2 - 1840*l + 218080. Determine o(-715).
5
Let b(q) = -2*q**3 - 437*q**2 + 1641*q + 5019. Determine b(-2).
5
Let t(k) = 1183*k**2 - 7096*k - 36. Determine t(6).
-24
Let c(f) = -84*f - 4553. Calculate c(-78).
1999
Let m(v) = 44853*v - 5741186. What is m(128)?
-2
Let t(r) = 204178*r + 3879374. Determine t(-19).
-8
Let m(r) = 2*r**3 + 415*r**2 - 1080*r - 266436. Determine m(-207).
-27
Let m(t) = t**3 - 118*t**2 + 235*t + 398. Give m(116).
746
Let b(j) = 127*j**2 + 1412*j + 171. Determine b(-11).
6
Let s(g) = -600*g - 21800. Determine s(-30).
-3800
Let p(q) = -102*q + 2633. Determine p(30).
-427
Let d(t) = -t**3 + 53*t**2 - 536*t - 1285. Give d(38).
7
Let p(v) = -v**2 + 1302*v - 373505. What is p(427)?
120
Let s(w) = -95*w**2 + 77*w + 8386. What is s(-9)?
-2
Let i(r) = 2*r**2 + 303*r - 102588. Give i(-315).
417
Let v(l) = 3339*l - 33012. Determine v(10).
378
Let f(w) = -w**3 - 424*w**2 + 4945*w - 1763. Give f(11).
-3
Let l(a) = -183*a - 15568. What is l(-66)?
-3490
Let j(y) = -4*y**3 + 2*y**2 - 337*y + 971. Give j(3).
-130
Let o(j) = -3*j**2 - 219*j + 75201. What is o(126)?
-21
Let k(i) = 12824*i - 1461930. Give k(114).
6
Let q(c) = 37884*c - 265533. Calculate q(7).
-345
Let i(z) = 14*z**2 + 404*z - 292. Give i(-30).
188
Let v(x) = x**3 + 565*x**2 - 4573*x - 34. What is v(8)?
54
Let n(s) = -s**3 + 41*s**2 + 191*s - 7829. Calculate n(41).
2
Let y(g) = 5767*g - 674657. Give y(117).
82
Let p(m) = -7*m**3 + 2662*m**2 - 3407*m - 1382. Determine p(379).
134
Let d(m) = 6*m**3 + 28*m**2 + 36*m - 173. Give d(6).
2347
Let u(t) = -101*t**2 + 382*t - 14. Give u(3).
223
Let l(c) = -12*c - 265. Calculate l(-41).
227
Let m(k) = 11216*k + 157093. What is m(-14)?
69
Let n(m) = -m**2 - 66*m - 554. Give n(-74).
-1146
Let a(m) = m**3 + 1396*m**2 + 436573*m - 5538. Calculate a(-923).
0
Let b(z) = -34*z**2 + z - 525. Give b(0).
-525
Let f(w) = -w**2 + 797*w - 142033. What is f(528)?
-1
Let j(o) = -10255*o + 102533. Calculate j(10).
-17
Let t(m) = -587*m**2 + 1295*m + 29. What is t(2)?
271
Let m(j) = j**3 + 150*j**2 - 951*j - 2349. Calculate m(-156).
-9
Let p(g) = -333*g - 22953. Calculate p(-76).
2355
Let f(s) = 167*s - 7024. Give f(44).
324
Let m(n) = n**2 + 205*n - 6809. What is m(29)?
-23
Let d(a) = 2104*a + 176693. What is d(-84)?
-43
Let z(b) = -325634*b - 3256343. What is z(-10)?
-3
Let c(g) = -g**2 - 166*g + 3106. What is c(17)?
-5
Let h(s) = 97*s - 29806. What is h(307)?
-27
Let h(v) = 55*v**3 + 1432*v**2 + 47*v - 125. Determine h(-26).
5
Let p(v) = -62029*v - 434295. Give p(-7).
-92
Let z(a) = -a**3 - 24*a**2 - 854*a - 16672. Give z(-21).
-61
Let a(b) = 1811*b + 148519. Calculate a(-82).
17
Let p(r) = -14*r**2 + 617*r + 3726. Give p(50).
-424
Let g(n) = -70*n**3 + 367*n**2 - 80*n - 24. Calculate g(5).
1
Let x(d) = -2*d**3 + 308*d**2 - 3657*d - 1283. Determine x(141).
-14
Let y(r) = -178*r + 5457. Determine y(31).
-61
Let h(g) = -g**3 - 16*g**2 - 431*g - 7634. Determine h(-17).
-18
Let t(q) = -q**3 + 37*q**2 - 320*q + 27. Give t(16).
283
Let g(q) = 14951*q - 493129. Give g(33).
254
Let s(v) = 96*v**2 + 18126*v - 3374. Give s(-189).
28
Let p(w) = -178*w + 9776. Determine p(57).
-370
Let j(x) = -518*x - 12941. Give j(-25).
9
Let v(w) = w**3 + 30*w**2 + 151*w + 717. What is v(-25)?
67
Let s(q) = 8*q**3 + 1300*q**2 + 42593*q + 601. Give s(-117).
16
Let y(h) = 8*h**2 + 15089*h + 90251. Calculate y(-6).
5
Let f(m) = 578*m**3 + m**2 - m - 1. Give f(1).
577
Let m(h) = -238*h**2 + 16180*h + 296. Calculate m(68).
24
Let d(o) = 3008*o + 22469. Give d(-7).
1413
Let u(o) = 1122*o**2 - 11378*o + 19217. Give u(8).
1
Let t(p) = -p**2 - 37244*p - 335112. Calculate t(-9).
3
Let q(n) = -1597*n - 33514. Determine q(-21).
23
Let u(r) = 175*r - 37261. Calculate u(213).
14
Let i(f) = 25*f**2 + 4228*f - 27. Calculate i(0).
-27
Let r(u) = u**3 - 31*u**2 + 336*u - 11835. Determine r(32).
-59
Let p(n) = 938*n**2 - 529973*n + 1687. Give p(565).
-8
Let v(r) = -123*r**2 - 23128*r - 747. Give v(-188).
5
Let f(o) = 4*o**2 + 589*o + 20831. Calculate f(-88).
-25
Let p(x) = -29*x**2 - 25009*x - 329396. Calculate p(-849).
16
Let t(h) = 127*h - 9239. Calculate t(75).
286
Let f(g) = -52658*g - 157501. Calculate f(-3).
473
Let o(f) = 4*f**2 + 238*f + 947. Calculate o(-56).
163
Let k(o) = -o**3 - 2*o**2 - 48*o + 984. Determine k(14).
-2824
Let b(i) = -i**3 - 29*i**2 + 9*i + 92. What is b(-6)?
-790
Let v(a) = -a**3 + 272*a**2 + 2149*a - 10. Calculate v(-8).
718
Let a(p) = -14100*p + 70459. Determine a(5).
-41
L